1044
In base 3, what is 212111221 - -121122002?
1111011000
In base 7, what is 61 + 41002?
41063
In base 4, what is 1200311 - 1312202?
-111231
In base 12, what is 31610a - 1a?
3160b0
In base 9, what is -361426 - -66?
-361350
In base 7, what is -1 - 532123260?
-532123261
In base 13, what is 3ac9a2 + -5?
3ac99a
In base 3, what is -102221222001 - 121?
-102221222122
In base 6, what is 0 + -2015404042?
-2015404042
In base 15, what is -13a45c - -235?
-13a227
In base 16, what is 5 + -1310a41?
-1310a3c
In base 13, what is -13c83 - -56?
-13c2a
In base 3, what is 11112 + 122101100?
122112212
In base 13, what is 2302b - 161?
22b9a
In base 13, what is 26 + 436438?
436461
In base 12, what is -1b3 + 2a7b9?
2a606
In base 4, what is 3320 + -11310132?
-11300212
In base 8, what is 105 + 1353644?
1353751
In base 3, what is 2021120002 + -200?
2021112102
In base 11, what is 758143a + 27?
7581466
In base 16, what is -73e3 - 10cf?
-84b2
In base 13, what is 19393 + 729?
19abc
In base 12, what is 7aab413 + -3?
7aab410
In base 7, what is 25353620602 - -2?
25353620604
In base 6, what is 4 - 1155300334?
-1155300330
In base 11, what is 25 - -20432a3?
2043318
In base 2, what is 1110000100000 + 101000100111?
10011001000111
In base 9, what is -8136 - 261?
-8407
In base 9, what is -45110451 - -3?
-45110447
In base 6, what is -435015 + -10412?
-445431
In base 10, what is -11243214 - 5?
-11243219
In base 4, what is 3 + -101331301322?
-101331301313
In base 2, what is 1010110011101101101011 - -100000001?
1010110011110001101100
In base 6, what is -320 - 105111?
-105431
In base 7, what is -2 - -200012350?
200012345
In base 13, what is 892c + 70b9?
12a18
In base 15, what is 4 + 998786?
99878a
In base 4, what is -1030333013 + -1033?
-1031000112
In base 5, what is 224002232 - -1310?
224004042
In base 6, what is 232345430 + -5?
232345421
In base 5, what is -1114 + -2001024?
-2002143
In base 6, what is 3 - 53211135?
-53211132
In base 13, what is -2165a - -b9?
-21571
In base 6, what is -301 + 552035?
551334
In base 7, what is -35014263 + -4?
-35014300
In base 7, what is 21601 + -3532?
15036
In base 2, what is -10111011101111011110 + 1001?
-10111011101111010101
In base 5, what is -40 - 3102221110?
-3102221200
In base 12, what is -8 + 1195588?
1195580
In base 12, what is -946608 - 3?
-94660b
In base 16, what is -167a1 - -175?
-1662c
In base 6, what is 15 - 3105050131?
-3105050112
In base 6, what is -321520240 + -3?
-321520243
In base 16, what is -18 - 62c0?
-62d8
In base 6, what is -20 + 15150033?
15150013
In base 11, what is 3997440 - -5?
3997445
In base 16, what is -2d389 + 24?
-2d365
In base 5, what is 2 + 242401013?
242401020
In base 9, what is -131605630 + -5?
-131605635
In base 9, what is 685064 + 6?
685071
In base 3, what is 121102012120 - -112020?
121102201210
In base 10, what is -205329 + -304?
-205633
In base 4, what is 3 + 110010321201?
110010321210
In base 10, what is -87479710 - -3?
-87479707
In base 9, what is 282 - -1057251?
1057543
In base 3, what is -102222 + 102022101222?
102021222000
In base 7, what is -2220 - 233064?
-235314
In base 8, what is 1302676513 - 1?
1302676512
In base 8, what is 10 - -10514051?
10514061
In base 7, what is -3562463042 + 5?
-3562463034
In base 13, what is 40a7646 + 4?
40a764a
In base 8, what is -27112 - -6612?
-20300
In base 16, what is 199 - -153e?
16d7
In base 8, what is -7362 + 4726?
-2434
In base 7, what is 655166430 + 5?
655166435
In base 7, what is -12015541 + -4?
-12015545
In base 13, what is 320cab - 2?
320ca9
In base 16, what is 66 - -55894?
558fa
In base 9, what is -120 + 1826066?
1825846
In base 16, what is 55ba + c5a?
6214
In base 7, what is 560332 - 310?
560022
In base 11, what is 1a - 6a396a?
-6a3950
In base 7, what is -4 + -2440066533?
-2440066540
In base 11, what is 0 + -17674364?
-17674364
In base 4, what is 3 + 10100301311?
10100301320
In base 10, what is -8 + 58632289?
58632281
In base 15, what is -156 + 32273?
3211c
In base 12, what is -11aa7519 - -4?
-11aa7515
In base 14, what is 2a63143 - 2?
2a63141
In base 3, what is -2121011021 - -22210?
-2120211111
In base 2, what is 11 - -1100110011011001000010110?
1100110011011001000011001
In base 6, what is -1 + 41411500?
41411455
In base 11, what is 5 + 1134a9674?
1134a9679
In base 15, what is -2877412 + -8?
-287741a
In base 7, what is 20623632 + -31?
20623601
In base 4, what is 323313321303 - 10?
323313321233
In base 2, what is -100110000111000111 - -10101001?
-100110000100011110
In base 10, what is 36 - -320789?
320825
In base 8, what is -113161 + -455?
-113636
In base 13, what is -ba898c - 5?
-ba8994
In base 10, what is -25238 - -724?
-24514
In base 9, what is 8708 + -20463?
-10654
In base 9, what is -626340 + -4?
-626344
In base 9, what is 1 - -50370308?
50370310
In base 6, what is -1532352 + -420?
-1533212
In base 9, what is 0 - -74737166?
74737166
In base 14, what is -4 + -2dc322?
-2dc326
In base 8, what is 43 + -2715054?
-2715011
In base 15, what is 2bb53 + e5?
2bc48
In base 10, what is -276854135 - -2?
-276854133
In base 16, what is -5 + 1b7b84c?
1b7b847
In base 10, what is -24190679 + 4?
-24190675
In base 5, what is -2 + 1104303130142?
1104303130140
In base 13, what is -12 + -104cca?
-10500c
In base 6, what is 120 - 240311402?
-240311242
In base 3, what is 1100210211022021 + 10?
1100210211022101
In base 11, what is 553138 + -1?
553137
In base 15, what is -4d82ca80 - 5?
-4d82ca85
In base 4, what is 22213 - -13110320?
13133133
In base 3, what is -11012 + 112200100102102?
112200100021020
In base 12, what is 50531 + 231?
50762
In base 8, what is 55 - -447643?
447720
In base 9, what is 3 + -61077367?
-61077364
In base 8, what is 7364005 + 13?
7364020
In base 3, what is 120101 + -102220220?
-102100112
In base 10, what is -383002 + 674?
-382328
In base 10, what is 35381 + -3175?
32206
In base 8, what is 2053617 + 1?
2053620
In base 7, what is -31503 + 3541?
-24632
In base 2, what is -1 + 11001001110110000011101?
11001001110110000011100
In base 11, what is -12a66a98 + 1?
-12a66a97
In base 15, what is -2 - 8e7595?
-8e7597
In base 4, what is 21212 + -113232301?
-113211023
In base 14, what is -a8 - 79b130?
-79b1d8
In base 3, what is 110111 + 120210000?
121020111
In base 10, what is 83 - 259130?
-259047
In base 15, what is -3c - 214a35?
-214a72
In base 3, what is 12120022221 + -2211200?
12110111021
In base 16, what is 3d6392 + -2f?
3d6363
In base 14, what is 102 - -13833d?
138441
In base 8, what is 1137471544 - 4?
1137471540
In base 9, what is 6232 + 8284?
15526
In base 14, what is -c - -12154d?
121541
In base 6, what is -1005443 - -11552?
-553451
In base 11, what is 74174a2 - 4?
7417499
In base 11, what is -91 - -25aa00?
25a91a
In base 16, what is -13c3c + -f3?
-13d2f
In base 10, what is 2186387 - 44?
2186343
In base 4, what is 121323330133 + 1?
121323330200
In base 10, what is 1 + 104350743?
104350744
In base 15, what is -19ae40 - 35?
-19ae75
In base 7, what is 143032412 - 33?
143032346
In base 4, what is -1001101 + -21232310?
-22300011
In base 16, what is 8c7d + d2?
8d4f
In base 15, what is 7b8 - -2c0?
a88
In base 6, what is -201 + 11324340?
11324135
In base 12, what is -288b11 + 24a?
-288883
In base 8, what is 256765 - 54?
256711
In base 3, what is -20000110101 + -212100?
-20001022201
In base 5, what is 114320140 + -14?
114320121
In base 10, what is 8610843 - 5?
8610838
In base 13, what is 3c94313 - b?
3c94305
In base 9, what is 34 + 18550?
18584
In base 2, what is 10110100110 - -1011101000100?
1110011101010
In base 7, what is -6545061 + 41?
-6545020
In base 12, what is -8356aa - 50?
-83573a
In base 5, what is 2001 - -3340?
10341
In base 10, what is -3263 - 1626?
-4889
In base 7, what is -6550 - 156112?
-165662
In base 10, what is 267 - -465539?
465806
In base 2, what is -111000100110011101 - 111011100011?
-111001100010000000
In base 12, what is 1b - 247ba3?
-247b84
In base 4, what is -13231231311233 + 1?
-13231231311232
In base 3, what is -21210100002111 - 2?
-21210100002120
In base 2, what is -10100101100011010011100010 + -100?
-10100101100011010011100110
In base 4, what is 10130 - 1201110301?
-1201100111
In base 2, what is 110 + 10100011010100011011110?
10100011010100011100100
In base 2, what is -1000111011101011010001 + 11011?
-1000111011101010110110
In base 12, what is 6 - 